 2*c + 25. What is the remainder when 7 is divided by (-11)/(-5) - (-1)/c?
1
Let v = -20 + 33. Calculate the remainder when 24 is divided by v.
11
What is the remainder when 31 is divided by 40/16*44/10?
9
Suppose 8*y = 6*y + 58. What is the remainder when 111 is divided by y?
24
Let l = 13 + 1. What is the remainder when l is divided by (0 - -1)/((-2)/(-8))?
2
Let a be (-6 - -3)/((-6)/16). Let t = a - 6. What is the remainder when 3 is divided by t?
1
Suppose 55 = o - 100. Suppose 3*f - 93 = -3*z, -2*z - f = -7*z + o. Calculate the remainder when z is divided by 12.
7
What is the remainder when 47 is divided by 1 - (2 - -2 - 30)?
20
Let j(o) = -o + 11. Let h be 3/15 + 78/(-15). What is the remainder when j(h) is divided by 9?
7
Let w be (-4 + (2 - -1))*23. Let o = 2 - w. What is the remainder when 74 is divided by o?
24
Suppose -20 = -2*m + 6*m, t + 3*m = -1. Calculate the remainder when 39 is divided by t.
11
Let h = 21 - 11. Let i be h/25 - 516/(-10). Suppose -f = 3*f - i. Calculate the remainder when 36 is divided by f.
10
Let x(i) = -i**2 + 10*i + 3. Let h(j) = -3*j - 9 + 14*j - 2*j**2 + j**2. What is the remainder when x(5) is divided by h(8)?
13
Let x(i) = -i**2 - 6*i + 3. Let a be x(-5). Let u(v) = 2*v - 10. What is the remainder when 17 is divided by u(a)?
5
What is the remainder when -7 + 9 + 1 + 66 is divided by 18?
15
Suppose 2*j = c + 6, -4*c + 0*j + j + 11 = 0. Calculate the remainder when c is divided by 3.
1
Suppose -3*f = -37 - 26. What is the remainder when f is divided by (-1)/3 + (-37)/(-3)?
9
Let q = 7 - -2. Let m(k) = 40*k + 1. Let t be m(-1). Let i = t - -65. Calculate the remainder when i is divided by q.
8
Suppose -16 = -4*r - 0. Calculate the remainder when 54 is divided by (r - 1) + 18 + -2.
16
Let r = -21 + 39. Calculate the remainder when 51 is divided by r.
15
Suppose -2*v - 7 = 3*k, -3*k - 5*v + 6 = 1. Let o = k - -9. Let m(l) = l**2 + 3*l - 2. Calculate the remainder when o is divided by m(1).
0
Let w be 1/(-4) + 57/4. Suppose -32 = -2*o - 4*t - w, 4*o = t + 45. Calculate the remainder when o is divided by 3.
2
What is the remainder when -2*(7*-3)/1 is divided by (125/20 - -2)/((-3)/(-8))?
20
Suppose 0 = 4*t - t - 108. Suppose 6*w = 2*w + t. What is the remainder when 35 is divided by w?
8
Suppose v - 4*g - 60 = 0, -4*g = v + 2*v - 164. Calculate the remainder when v is divided by 20.
16
Suppose 0 = 5*s - v + 9 - 87, 3*s = -4*v + 33. What is the remainder when s is divided by 4?
3
Let a = 3 - 1. Suppose z - 18 = -a*z. Let w = -11 - -21. Calculate the remainder when w is divided by z.
4
Let u(d) = 2*d**2 - d. Suppose 15 = -4*s + 19*s. What is the remainder when u(1) is divided by s?
0
Suppose 9*z = 5*z + 36. Calculate the remainder when 34 is divided by z.
7
Let v = 38 + -27. Suppose 4*b + 9*y = 10*y + 177, 2*y = -2*b + 76. What is the remainder when b is divided by v?
10
Suppose -2*t + 5 = -7*t. Let b(a) = -16*a**3 + 1. Calculate the remainder when b(t) is divided by 9.
8
Let k = -12 - -14. Suppose 0 = -3*w + 6 - 0. Calculate the remainder when 7 is divided by w/k*2/1.
1
Suppose 0*p + 25 = 5*p. Let x be 1/(1 + (-12)/15). Suppose p*i - 3*j - 119 = j, -x*i = -5*j - 120. Calculate the remainder when i is divided by 12.
11
Suppose -l = 5*a - 2*l - 2, -4*a - 4*l = -16. Calculate the remainder when 3 is divided by a.
0
Suppose -68 = -2*b + 2. Suppose -4*h - 5 = b. Let l = h - -30. Calculate the remainder when 39 is divided by l.
19
Let g(k) = -k + 4. Let u be g(5). Let i(f) = 5*f**2 + f + 2. Let m be i(-3). Calculate the remainder when m/(-3)*u*3 is divided by 15.
14
Let v = -16 - -30. Suppose 3*g - 4*k - 112 = -g, -4*k - 12 = 0. Let b = g - v. Calculate the remainder when 20 is divided by b.
9
Let d(r) = r. Let j be d(5). Suppose 0 = 2*y - j - 49. What is the remainder when y is divided by 7?
6
Let f(c) = 2*c**2 + 4*c + 1. Suppose -5*u + 4*u = 3. Calculate the remainder when 27 is divided by f(u).
6
Let h = 22 + 11. Suppose 4*a - h = 43. Suppose v = 2*m - 11, 2*m + 2*v - 29 = -3*v. Calculate the remainder when a is divided by m.
5
Suppose w - 27 = -5*t, 0 = 3*t + 2*t - 4*w - 17. Calculate the remainder when 12/(12/3)*t is divided by 8.
7
Suppose 6*m - 9 = -3*m. Calculate the remainder when 2 is divided by m.
0
Let z be (-4 - -1 - -6) + 2. Suppose 0*x - i + 20 = x, 12 = x + z*i. Calculate the remainder when x is divided by 12.
10
Let y be (-1656)/(-10) + 8/20. Let h = 11 + -6. Suppose h*u - y = -11. What is the remainder when u is divided by 16?
15
Let k(o) = o**3 - 6*o**2 + 4*o - 13. What is the remainder when 42 is divided by k(6)?
9
Let m(j) = 3*j - 4. Let t be m(5). Let w = t - -8. Calculate the remainder when w is divided by 7.
5
Let w = -29 + 77. What is the remainder when w is divided by 10?
8
Let r = 20 - 10. Calculate the remainder when 39 is divided by r.
9
Suppose -93 + 29 = -2*c. Let v = -10 - -21. What is the remainder when c is divided by v?
10
Calculate the remainder when ((-9)/12 - (-158)/8) + -1 is divided by 4.
2
Suppose -4*i - 4*i = -1400. Calculate the remainder when i is divided by 16.
15
Suppose 4*h - 9*h = -275. Suppose b + 0*b - 14 = 0. Calculate the remainder when h is divided by b.
13
Suppose -1 = -2*a + 1. Let s(x) be the first derivative of 12*x**2 - x - 2. What is the remainder when s(a) is divided by 12?
11
Let g(x) = -x + 6. Let n be g(0). Let r(y) = -y + 3. What is the remainder when r(-6) is divided by (10/n)/((-2)/(-6))?
4
Calculate the remainder when 9 is divided by (-84)/(-24) - (-2)/(-4).
0
Let x = 1 - 1. Suppose x = 2*u + 81 - 217. Suppose 2*v + 4*y = 38, -4*v = -0*v + 3*y - 86. What is the remainder when u is divided by v?
22
Suppose 12 = r - 13. Suppose 4*d = -2*o + 20, 3*o + 6 = -0*d + 3*d. Calculate the remainder when 56*(72/21)/d is divided by r.
23
Suppose 150 = c + 2*c. Let b = -32 + c. What is the remainder when 34 is divided by b?
16
Let t(p) be the first derivative of -2*p**2 + 2*p - 2. Let u be t(3). What is the remainder when 14 is divided by u/4*(-4 - -2)?
4
Suppose 3*n - 5*o = 53, -5*n + 4*o + 22 + 62 = 0. Suppose -4*u + 5 = -7. Suppose u = 5*l - 27. Calculate the remainder when n is divided by l.
4
Let q(y) = y**2 - 5*y + 13. Calculate the remainder when 48 is divided by q(0).
9
Let p = 55 - 41. Calculate the remainder when 41 is divided by p.
13
Suppose -x + 2*q = -9, -3*x + 2*q = -4 - 7. What is the remainder when 42/2 + 0 - x is divided by 11?
9
Suppose -p - 4*q + 95 = 0, 6*p + 3*q - 267 = 3*p. Calculate the remainder when p is divided by 22.
21
Let l(w) = 9*w**2 + 1. Let k be l(-1). Suppose 4*d - 2*b - 2 = -b, k = 5*b. What is the remainder when 1 is divided by d?
0
Suppose 4*b - 2*q - 18 = 0, -b + 6*b = -4*q - 10. Let d be -3 + 1 + (b - -3). Let s = d + -1. What is the remainder when 2 is divided by s?
0
Let b(i) = 19*i**2 + 1. Let r be b(-1). Let f = r - 9. What is the remainder when 30 is divided by f?
8
Let l be 29 + 1/(-2 - -3). Suppose 0 = 5*d - l - 25. Calculate the remainder when 19 is divided by d.
8
Calculate the remainder when (6/(-8))/(4/(-400)) is divided by 20.
15
Suppose -a + 9 = -0*a. Calculate the remainder when (804/27 - -3) + 6/27 is divided by a.
6
Let k(j) = -j**2 - 5*j + 1. Let r be k(-5). Suppose -7*i = 4*y - 2*i, -4*y = i. Let b = r - y. Calculate the remainder when b is divided by 1.
0
Let d be 3/4 - 261/(-4). Suppose -4*j + 38 = -d. What is the remainder when j is divided by 7?
5
Let b be -3 - (0 - 1) - -137. Suppose b + 81 = 4*l. What is the remainder when l is divided by 19?
16
What is the remainder when 50 is divided by (-264)/(-10) - (-4)/(-10)?
24
Let a be (6/2)/1 - 10. Let b = a - -12. Calculate the remainder when 14 is divided by b.
4
Let r be -1*(-3 + 1)*1. Suppose 3*t + 3 = j, -j = r*t + 2*t - 3. What is the remainder when 4 is divided by j?
1
Let z(k) = 11*k**2 - 3*k + 3. Calculate the remainder when z(3) is divided by 27.
12
Let z(p) = 2*p + 20. What is the remainder when z(-6) is divided by 5?
3
Let t be (-98)/12 + (-3)/(-18). Calculate the remainder when t/(-6)*(-69)/(-2) is divided by 12.
10
Let s(m) be the second derivative of -8*m**3/3 - m**2 + 3*m. Let t = -24 + 40. Calculate the remainder when s(-2) is divided by t.
14
Let z(c) = -c - 4. Let v be z(3). Let x = v - -18. What is the remainder when x is divided by 4?